se 3?
-1
2 (base 6) to base 4
2
0 (base 3) to base 10
0
Convert -101 (base 6) to base 4.
-211
What is 19 (base 14) in base 15?
18
What is -10010 (base 2) in base 11?
-17
Convert -32 (base 11) to base 6.
-55
What is 0 (base 8) in base 14?
0
-54 (base 8) to base 14
-32
What is -2 (base 4) in base 3?
-2
Convert 1531 (base 6) to base 5.
3130
1201 (base 4) to base 14
6d
3 (base 6) to base 12
3
Convert -3c (base 13) to base 3.
-1220
What is -31 (base 6) in base 11?
-18
What is -5 (base 10) in base 7?
-5
-215 (base 6) to base 9
-102
What is 3a (base 14) in base 12?
44
Convert -34 (base 8) to base 16.
-1c
-3 (base 11) to base 13
-3
What is -10 (base 6) in base 12?
-6
What is -2 (base 5) in base 8?
-2
2 (base 6) to base 4
2
Convert 110 (base 8) to base 3.
2200
Convert -11 (base 10) to base 8.
-13
-254 (base 10) to base 13
-167
What is 6 (base 11) in base 10?
6
Convert 2 (base 16) to base 8.
2
What is 2 (base 9) in base 10?
2
What is -13 (base 9) in base 15?
-c
What is 22 (base 10) in base 14?
18
-1 (base 14) to base 15
-1
What is -4 (base 13) in base 5?
-4
What is -16 (base 11) in base 3?
-122
What is 9 (base 14) in base 16?
9
Convert 1 (base 12) to base 3.
1
Convert 4 (base 8) to base 16.
4
50 (base 16) to base 12
68
-6f (base 16) to base 4
-1233
What is 3 (base 7) in base 13?
3
What is -110 (base 8) in base 10?
-72
Convert -60 (base 9) to base 10.
-54
Convert -84 (base 13) to base 4.
-1230
102 (base 5) to base 4
123
Convert 41 (base 14) to base 12.
49
-25 (base 12) to base 4
-131
Convert -2 (base 15) to base 12.
-2
Convert 3 (base 9) to base 13.
3
2 (base 15) to base 10
2
What is -1b (base 14) in base 6?
-41
0 (base 13) to base 14
0
-13 (base 13) to base 8
-20
Convert -11 (base 6) to base 8.
-7
-37 (base 11) to base 12
-34
What is 4 (base 13) in base 6?
4
Convert b (base 16) to base 4.
23
Convert -68 (base 13) to base 7.
-152
What is 156 (base 11) in base 15?
c2
What is 21 (base 8) in base 16?
11
-31 (base 6) to base 11
-18
32 (base 13) to base 3
1112
Convert 172 (base 8) to base 10.
122
2010 (base 4) to base 15
8c
10 (base 2) to base 12
2
29 (base 10) to base 9
32
What is -4 (base 10) in base 6?
-4
-156 (base 10) to base 12
-110
What is 76 (base 9) in base 13?
54
-15 (base 8) to base 13
-10
-6 (base 12) to base 8
-6
-1 (base 6) to base 2
-1
Convert -421 (base 7) to base 3.
-21211
-4 (base 16) to base 10
-4
What is -1 (base 4) in base 14?
-1
What is -66 (base 7) in base 3?
-1210
Convert 2 (base 6) to base 15.
2
Convert -1 (base 5) to base 3.
-1
What is 105 (base 8) in base 12?
59
-45 (base 12) to base 7
-104
What is -12 (base 11) in base 6?
-21
Convert 10 (base 2) to base 11.
2
100010 (base 2) to base 8
42
Convert 25 (base 10) to base 7.
34
What is 1010 (base 2) in base 3?
101
18 (base 13) to base 7
30
What is -26 (base 8) in base 6?
-34
What is -121 (base 5) in base 10?
-36
-3 (base 10) to base 12
-3
2f (base 16) to base 5
142
11101 (base 2) to base 4
131
What is 4 (base 8) in base 9?
4
Convert 221 (base 3) to base 8.
31
Convert 134 (base 6) to base 8.
72
Convert 231 (base 10) to base 14.
127
-3 (base 15) to base 9
-3
-264 (base 9) to base 11
-190
4 (base 5) to base 12
4
Convert -45 (base 9) to base 6.
-105
What is 16 (base 11) in base 8?
21
What is 3 (base 10) in base 7?
3
1 (base 11) to base 16
1
What is -92 (base 14) in base 9?
-152
What is 49 (base 12) in base 13?
45
Convert 11 (base 2) to base 7.
3
Convert -11 (base 7) to base 12.
-8
What is -4 (base 16) in base 12?
-4
What is -5 (base 6) in base 10?
-5
What is -1b (base 13) in base 8?
-30
-3 (base 6) to base 10
-3
Convert -10011111 (base 2) to base 10.
-159
-130 (base 15) to base 6
-1130
Convert 3 (base 12) to base 16.
3
Convert -111 (base 6) to base 7.
-61
What is -13 (base 13) in base 12?
-14
What is 45 (base 11) in base 9?
54
What is 110010110 (base 2) in base 11?
33a
Convert 311 (base 4) to base 8.
65
-14a (base 14) to base 16
-106
9 (base 12) to base 11
9
4 (base 13) to base 2
100
What is -2 (base 10) in base 13?
-2
What is 152 (base 14) in base 7?
532
Convert 1120 (base 4) to base 15.
5d
Convert 1300 (base 4) to base 11.
a2
Convert -6 (base 15) to base 7.
-6
What is -10 (base 2) in base 7?
-2
Convert 4a (base 12) to base 10.
58
What is 13 (base 13) in base 6?
24
What is -3a (base 13) in base 16?
-31
4 (base 8) to base 3
11
Convert 6 (base 14) to base 5.
11
What is -131 (base 6) in base 10?
-55
Convert -42 (base 5) to base 11.
-20
Convert 8 (base 16) to base 6.
12
Convert -13 (base 7) to base 2.
-1010
-1a9 (base 12) to base 11
-229
What is -1022 (base 3) in base 10?
-35
What is -1 (base 13) in base 6?
-1
Convert 0 (base 5) to base 4.
0
What is -7 (base 14) in base 6?
-11
-31 (base 5) to base 7
-22
What is 0 (base 6) in base 15?
0
Convert 11 (base 7) to base 8.
10
28 (base 12) to base 4
200
Convert -22 (base 5) to base 8.
-14
What is 10 (base 9) in base 8?
11
240 (base 9) to base 8
306
What is 101001 (base 2) in base 14?
2d
Convert 13 (base 14) to base 15.
12
What is -116 (base 9) in base 14?
-6c
20 (base 4) to base 10
8
7 (base 13) to base 16
7
Convert 3 (base 12) to base 9.
3
-200 (base 7) to base 2
-1100010
What is 25 (base 13) in base 9?
34
What is -1 (base 10) in base 11?
-1
Convert 0 (base 12) to base 14.
0
20 (base 3) to base 15
6
Convert -12020 (base 3) to base 16.
-8d
What is 311 (base 4) in base 5?
203
-5 (base 12) to base 11
-5
4 (base 16) to base 8
4
What is 11 (base 16) in base 7?
23
What is -11 (base 5) in base 3?
-20
What is 4 (base 5) in base 13?
4
-1 (base 16) to base 6
-1
Convert 45 (base 6) to base 3.
1002
Convert 10 (base 13) to base 6.
21
-2 (base 3) to base 8
-2
1 (base 15) to base 2
1
What is 20 (base 3) in base 8?
6
What is -81 (base 9) in base 13?
-58
1001111 (base 2) to base 11
72
Convert -3 (base 4) to base 7.
-3
-336 (base 9) to base 2
-100010100
Convert -1 (base 2) to base 13.
-1
1203 (base 4) to base 15
69
Convert -4 (base 13) to base 8.
-4
What is 10 (base 16) in base 4?
100
What is -3 (base 16) in base 12?
-3
Convert -4 (base 10) to base 5.
-4
What is -215 (base 6) in base 7?
-146
-10000111 (base 2) to base 8
-207
-110010 (base 2) to base 11
-46
-2 (base 5) to base 4
-2
52 (base 6) to base 10
32
Convert -54 (base 13) to base 5.
-234
What is 311 (base 4) in base 14?
3b
Convert -451 (base 9) to base 6.
-1414
Convert -2 (base 13) to base 5.
-2
Convert -2 (base 15) to base 7.
-2
What is 0 (base 6) in base 16?
0
Convert -15 (base 8) to base 12.
-11
Convert 2022 (base 4) to base 10.
138
Convert -110 (base 6) to base 15.
-2c
-11 (base 8) to base 5
-14
What is -26 (base 10) in base 2?
-11010
3 (base 11) to base 4
3
4 (base 11) to base 15
4
Convert -1 (base 10) to base 13.
-1
What is -41 (base 9) in base 16?
-25
6 (base 10) to base 2
110
Convert -5 (base 12) to base 16.
-5
What is -6 (base 15) in base 5?
-11
Convert 1 (base 13) to base 12.
1
Convert -10 (base 3) to base 8.
-3
What is 100 (base 3) in base 2?
1001
Convert -1 (base 8) to base 15.
-1
Convert -141 (base 16) to base 13.
-1b9
-8 (base 11) to base 6
-12
What is 7 (base 13) in base 10?
7
What is 11 (base 5) in base 14?
6
Convert 20 (base 4) to base 10.
8
-30 (base 9) to base 4
-123
1e (base 16) to base 15
20
-14 (base 7) to base 15
-b
What is 244 (base 8) in base 4?
2210
-3 (base 14) to base 15
-3
11 (base 15) to base 7
22
What is 103 (base 8) in base 12?
57
Convert -13 (base 16) to base 4.
-103
What is 1223 (base 5) in base 3?
20222
Convert -59 (base 10) to base 12.
-4b
What is 12 (base 9) in base 2?
1011
Convert 50 (base 15) to base 10.
75
Convert 106 (base 15) to base 4.
3213
Convert -68 (base 12) to base 7.
-143
Convert -312 (base 4) to base 13.
-42
Convert -a (base 16) to base 7.
-13
Convert 21120 (base 3) to base 10.
204
5 (base 13) to base 6
5
What is 0 (base 6) in base 3?
0
What is 43 (base 10) in base 13?
34
0 (base 10) to base 12
0
4 (base 12) to base 3
11
What is -7 (base 16) in base 12?
-7
-7 (base 9) to base 14
-7
Convert -116 (base 9) to base 3.
-10120
Convert 23 (base 4) to base 16.
b
Convert 110001 (base 2) to base 3.
1211
Convert 101111 (base 2) to base 6.
115
What is -32 (base 4) in base 9?
-15
100 (base 2) to base 6
4
14 (base 15) to base 4
103
Convert 101 (base 4) to base 10.
17
What is 3 (base 6) in base 10?
3
a (base 15) to base 5
20
Convert 2 (base 11) to base 15.
2
Convert -114 (b